luate (6 - 14) + (-16 - -25) - -10.
11
Evaluate 49 + -54 + 8 + 22.
25
What is 1 + -3 + -1 + 0?
-3
0 + 0 + -7 + (10 - (-7 + 9))
1
Evaluate (606 - 601) + (-9 - -2) + -2.
-4
-10 - ((-2 + 5 - -1 - 9) + -9)
4
54 + -31 + -25 - (0 + 1 - 4)
1
Evaluate 25 + (-69 + 74 - (-1 - -16)).
15
Evaluate (-5 - (1 - (-6 - -5))) + -6 + -3.
-16
Evaluate 0 + 15 + -15 - (0 + 1 - 6).
5
Evaluate (6 + -4 - 0) + 1 + 0.
3
What is 6 + 0 + (-117 - -114) - (-9 - -3)?
9
-7 + (15 - -1) + (-34 - -4)
-21
-4 - (-19 + 7 + -11 + 14)
5
Evaluate (14 - 3 - (6 - 1)) + -13.
-7
Evaluate (-51 - -25) + 20 - (23 + 2).
-31
What is 1 + 0 + 6 + (-6 - (-10 - -5))?
6
What is the value of -6 + 8 - -1 - (20 - 10)?
-7
Evaluate (-2 - 1) + 56 + (-40 - -14) + -8.
19
Evaluate (11 - (6 + 1)) + -9.
-5
9 + (-10 - (-37 + 4 - 9))
41
(0 + 1 - (21 - 21)) + -14
-13
What is 36 - 11 - 22 - (1 - (2 + -4))?
0
What is the value of (2 + -14 - -2) + (61 - 35)?
16
What is the value of 1 + -5 - (-4 - (6 + -9)) - -8?
5
(-223 - -217) + (-2 - (-11 + 0 + 0))
3
Calculate 14 + -16 - (5 - 3).
-4
What is the value of -3 + (9 - 5) + -15 - -6?
-8
Calculate 14 - 3 - -2 - -2 - (0 + 5).
10
What is the value of -10 + 1 - (10 + (-17 - -13))?
-15
Evaluate (-1 - -7) + 165 + -162.
9
What is (38 + -32 - 35) + 62?
33
What is the value of -33 + 45 - (4 - 1) - 6?
3
Evaluate 29 - (-7 + 5 + (2 - 0) + -9).
38
Evaluate 27 + -25 - (-7 + -4 + -1).
14
Evaluate 38 - 36 - (4 - 1).
-1
What is 46 + 44 + -98 - 22?
-30
What is the value of -2 - (34 - 23 - 19)?
6
What is (-297 - -265) + (22 - 0)?
-10
What is the value of -17 + -1 - (-18 + 8 + 1)?
-9
Calculate (19 - 13) + 4 + -10 + 5 + 21.
26
Evaluate -3 - ((6 + -11 - (-6 - -4)) + 3).
-3
What is the value of 41 + (5 - 10) - 17?
19
Calculate (-6 - (7 - 14 - -6 - 6)) + 15.
16
What is (-2 - (-2 - 0)) + (-1 - (-3 - 2))?
4
What is the value of (-3 - 0) + 14 - 34?
-23
What is the value of (-12 - -12) + -4 - 6?
-10
What is (-11 - -21) + 3 + -20 + -5?
-12
Calculate 8 + 4 + (8 - (40 - (6 + 1))).
-13
What is the value of -834 - -830 - (-2 - (35 + 2))?
35
Evaluate 70 - 96 - (17 - 10).
-33
What is the value of 11 - (1 + -11 - 0)?
21
What is the value of (-15 - -10) + 1 + 2 + -8?
-10
What is 2 + -6 + (9 - (12 - -9))?
-16
Calculate 4 + -24 + 17 + 9.
6
Evaluate -17 - (-29 + 44 + -16).
-16
Calculate 67 + -68 - (3 - (0 + 1)).
-3
What is the value of -2 + 5 + -3 + (-17 - -20)?
3
73 - 62 - (-1 - (-1 - 0))
11
11 - 1 - 3 - 13
-6
What is (-5 - -1) + -15 + 57 + -26?
12
What is the value of -5 + -4 + (-10 - (-6 + -1))?
-12
What is (-21 - (0 + -20)) + -1 + -9?
-11
11 + (1 - 4) + (-18 - -12) - 4
-2
Calculate -6 + 14 + 6 + 2 + -5 + 5.
16
What is (-4 - -4) + 15 + 13?
28
Calculate (5 - (7 + -6 + -5 + 9)) + 3.
3
Calculate (-48 - -16 - -14) + 10 + -2.
-10
Calculate 3 + (-7 - -14 - -7) - 9.
8
What is the value of (11 + 49 - 71) + 1 + -9?
-19
What is -14 + 2 - -6 - (0 - (-4 + -3))?
-13
What is (4 - -10) + 29 + -54?
-11
What is (0 - -7 - (2 + 0)) + (-6 - -8)?
7
Evaluate (1 - 6) + -5 + 2 + (22 - 22).
-8
What is the value of 253 + -244 + 5 + 2 + -2?
14
Calculate 26 - 25 - (-3 + (5 - 7)).
6
Calculate -21 + 44 + -22 + 3.
4
Evaluate 5 + 3 + -6 + (-6 - 4) - -1.
-7
Calculate 7 + -4 + (-1 + 2 - 5).
-1
Evaluate -2 + 0 - -6 - ((-5 - -1) + 15).
-7
Calculate -25 + (-33 + 62 - 8).
-4
What is 26 + -13 + -9 + (0 - 12)?
-8
What is the value of -209 + 219 + -1 + -22?
-13
Evaluate -1 + (1 - -6) + -47 - -3 - -10.
-28
Calculate -2 + -10 + 11 + 9.
8
Evaluate 28 + 9 + -49 + 1 + -5.
-16
What is the value of (7 - (8 - -4) - -4) + 3?
2
Evaluate 2 + 20 + -11 - 11.
0
(96 + -110 - (0 + -15)) + (-1 - 3)
-3
-11 + (4 - -4) - (-1 + 0)
-2
Calculate -1 + 23 + -6 - 17.
-1
Evaluate (297 - 285) + -1 + -15.
-4
Evaluate 4 - ((-3 - -12 - 18) + 8).
5
Calculate (14 - -6) + (-13 - (2 + -10)).
15
What is the value of (0 - -28) + -19 + 2 + (-11 - -1)?
1
-22 + (8 - (4 + -1) - (4 - 5))
-16
Evaluate -203 - -197 - (18 - (-2 + 0)).
-26
What is (1 - -3) + 2 + -5 + 4 + -13?
-8
What is -4 - (15 + -40) - 10 - 41?
-30
What is 8 + (8 - (-1 + 6) - 11)?
0
What is the value of -5 + (8 - -4) + (22 - 11)?
18
Evaluate 6 + (11 - 10) + -10 + 2.
-1
-9 - (11 + (-1 - -7)) - (-5 + -6)
-15
(-49 - -56) + (-7 - -17)
17
3 + -24 + (-2 - -9) + -8 + 7
-15
(7 - 1) + (40 - -1 - (-184 - -199))
32
-11 - -29 - (-1 - -18)
1
Evaluate -5 - (-1 + -5 + -7 + 5).
3
-2 + (-43 - -52 - (-1 + 26))
-18
What is the value of 108 - 102 - ((-2 - (4 - 4)) + 8)?
0
-19 + -21 - -20 - (3 + 1 + -4)
-20
Calculate -44 + 38 + -1 - (3 + 0 + -1).
-9
Calculate 4 - 17 - (-73 - -63).
-3
Calculate -1 + -2 + 2 + 1 + 5 + 1.
6
What is the value of -1 - -6 - (62 + -53) - 1?
-5
Calculate -9 - (-24 - (-2 + (-6 - -18))).
25
What is 1 - 11 - (-25 - (20 - 37))?
-2
Evaluate 0 + -12 + 14 + (-2 - 8).
-8
What is the value of -2 - -5 - 8 - 14 - -8?
-11
-1 - 9 - (-79 - -89 - (3 + 2))
-15
Evaluate 11 + (0 - (-16 - -3)) + -23.
1
Evaluate -15 + 12 + 7 + -1.
3
Evaluate -42 + 35 + 46 + -7 + -2.
30
Calculate -3 + 10 + (51 - 44).
14
-8 + 12 + -9 - -1
-4
What is the value of -7 + (-14 + 45 - 13) + (-2 - 34)?
-25
Evaluate (-9 - -5) + -5 + 13 + -6.
-2
Calculate -11 + (6 - -1) + 6 - (-4 + -4).
10
Evaluate -8 + 5 + (-1 - -13).
9
(42 - 85) + (30 - -12)
-1
Evaluate -3 - (-1 - 13 - 2).
13
Evaluate -29 + 0 + (-29 - -32).
-26
0 + -8 + 8 + -10 + 4 + 9
3
-2 - 1 - (3 + -1 - -9)
-14
Calculate -1 + 3 + (-9 - (-11 - -10)).
-6
Evaluate -6 + (-11 - -36) - (-10 + 6 + 2).
21
What is -24 + 21 + (4 + (-1 - -1) - -12)?
13
What is 9 + 15 + -8 + -19 + 6 + 2?
5
Evaluate (22 + -39 - 9) + 26.
0
What is (0 - -3) + -6 + 10 + 0 + -8?
-1
Evaluate -7 + 3 - (24 + -33 + -1).
6
Calculate -6 + (-14 - (-28 - (7 + -23))).
-8
(1 - 1) + 6 + -2 + 6 + -5
5
Calculate -1 + -2 + (-22 + 29 - (3 - -1)).
0
Evaluate -4 - (-4 + (-6 + -1 - -9)).
-2
Evaluate 0 - 27 - (-10 + 34 - 39).
-12
Calculate 12 - (20 + (-21 - -2)).
11
44 + -44 - (25 - 1)
-24
7 - (-13 - -6) - 17
-3
Evaluate -2 + -1 + -11 + 6 - (-5 - 2).
-1
-21 - (3 - -9 - (-20 + (38 - 7)))
-22
What is (5 - -3) + (1 - 11) - -11?
9
What is -8 - (10 + -25 + (-6 - -17))?
-4
What is -9 - 0 - (10 + (-12 - (-11 + 7)))?
-11
What is 20 + -13 - -7 - (8 + -4 + 4)?
6
Evaluate -28 - (-6 - 10) - -2.
-10
-8 - (-4 + -32) - (25 + -17)
20
Evaluate 2 - (1 + -6 + (-15 - -21)).
1
What is -5 + -8 + 19 + -27?
-21
Calculate 1 + 1 + -14 + 1 - (6 + -9).
-8
What is -4 - (4 + (7 - 3) + -33 - 2)?
23
-3 + 26 - ((1 - 3) + -7 + 17)
15
5 - (9 + (2 - -1))
-7
Evaluate (56 - 21 - 34 - (0 + 2)) + -2.
-3
What is the value of 28 + -29 - (1 - (-4 - -5 - 3))?
-4
Calculate 10 + 3 + 3 + -8 + (-9 - -5).
4
Evaluate -6 + -40 - (64 + -87).
-23
What is the value of -3 - -1 - (-38 - (-52 - -18))?
2
What is the value of (0 + 0 - 3 - (53 - 57)) + 3?
4
9 + -16 - ((-16 - -7) + -3)
5
What is the value of (1 - -22) + (5 - (-17 - -32))?
13
Evaluate -18 - (-31 + 3) - 14.
-4
What is 4 + -16 + -1 + 5 + -2 + 2?
-8
What is -43 + (1 - -6) + -43 + 46?
-33
Calculate (-21 - -14) + -12 + 42.
23
Evaluate 1 + (-21 - 2) + (-19 - -23).
-18
-8 - (5 - 38) - (9 - (-9 + 20))
27
13 - -2 - 12 - -20 - (6 - 3)
20
Calculate (-57 + 15 - -14) + (9 - 1) + -17.
-37
Calculate 3 - (30 + (-16 - 1)).
-10
(-21 - -31) + (8 - 12)
6
What is the value of 6 + -20 - -12 - (-1 + -11 - 1)?
11
What is the value of 8 - ((-5 - (-2 + 2 + -4)) + -1)?
10
What is the value of -7 + (0 - (6 - -8)) + 15?
-6
What is the value of 39 + (-5 - (30 - 16))?
20
What is the value of 20 - 2 - (-69 + 77 + -20)?
30
(56 - 34) + 6 + -29
-1
Evaluate 8 + 2 + (-23 - -26) - 11.
2
What is the value of 4 + -5 + (3 - 5 - -15)?
12
What is the value of (2 - 20) + -12 + -10 + 33?
-7
What is the value of -9 + 1 + 0 + (-32 - -30) - 0?
-10
Calculate 2 - 9 - (-110 + 103).
0
Calculate (-6 - -1) + 8 + 6 + (1 - 9).
1
What is -8 + (11 - 16 - -8) + -6?
-11
Evaluate 5 - 1 - (16 + 3 + -27).
12
What is the value of -19 - (-64 + 67) - (5 + -1)?
-26
35 + (-49 - -30) + -9
7
Calculate (-6 + -11 - -9 - 7) + 5.
-10
What is (71 - -1 - 18) + -35?
19
Evaluate -1 - -5 - 2 - (-22 - -16 - -25).
-17
Evaluate 13 + (-4 - (5 - 1 - 4)).
9
Calculate -2 + 3 + -204 + 211.
8
8 + -3 + -8 + 4 + 5
6
What is the value of (8 - 1) + (-84 - (-11 - 60))?
-6
Evaluate 10 + 1 - (160 - 138).
-11
Evaluate 19 + 1 + -2 - (-17 - (9 - 27)).
17
What is the value of 1 + (-5 - -3) + -1 - (11 - 4)?
-9
Evaluate 0 + 8 + -8 + 0 + 14.
14
Calculat